e -28 - -25 - (-8 - 0 - 0).
5
What is -8 + 2 + 98 + -101?
-9
(1 - 6) + -2 - -9
2
What is (0 - (-7 - (-3 - 4))) + 0?
0
Calculate -3 + -1 + -3 + 5 + 5.
3
Calculate (-1 - 2 - 0) + (-8 - -10).
-1
What is the value of 0 - -1 - (-18 + -18 + 33)?
4
What is the value of 3 + (1 - 2) + 2?
4
Calculate 5 + (0 - 6 - (4 - 6)).
1
Calculate -7 + (1 - -7) - -6.
7
Calculate -6 + 4 + -2 - (-1 + 0).
-3
What is the value of -18 + 20 + -1 + -2?
-1
5 + -8 + 2 + 0
-1
What is 4 + 0 - (42 - 38)?
0
Calculate (7 - 6) + (0 - 3) + 6.
4
What is the value of (7 - (6 + -14)) + -6 + -6?
3
Calculate (1 - -4) + 0 + 7 + -8.
4
Calculate (4 + -5 - -2) + -5.
-4
Calculate 6 + -2 + (6 + 6 - 8).
8
What is the value of 4 - (0 + 5) - -5?
4
Evaluate -4 - (2 + -9 - -2).
1
Evaluate 0 + -3 + (3 - 4).
-4
Evaluate -1 - (-3 - (3 - (-1 + 4))).
2
What is the value of (-2 - 0) + (5 - 2) + -6?
-5
Evaluate (-2 - 0 - (1 - 7)) + -10.
-6
What is the value of 1 - 6 - (1 - 3)?
-3
Evaluate -3 + 4 + (-2 - -3) - -2.
4
Calculate (1 - 0) + (0 - (2 - 4)).
3
Evaluate 8 + (-2 - 0) - (67 - 63).
2
Evaluate 0 + 3 - (-7 + 8).
2
What is the value of (-14 - -10) + (3 - 2 - -8)?
5
What is the value of -6 - (6 - 16) - 1?
3
What is the value of 1 - (-3 + -9 + 17)?
-4
What is the value of (-6 - -5) + 4 + -7?
-4
What is the value of -2 - -3 - (1 - -2)?
-2
What is the value of (5 - 4) + (-2 - -1) - -4?
4
What is -7 - 6 - -10 - 1?
-4
Evaluate 2 + 8 + -3 + -2.
5
Calculate 137 - 139 - (3 - (-3 - -2)).
-6
What is 10 + -4 + -1 + -7 - -4?
2
Evaluate (6 - 8) + -3 + 1 + 1.
-3
-8 + 8 + -14 + 14
0
Calculate 3 + -2 - ((-6 - -11) + -11).
7
6 + (7 - 5) + -2 + -4
2
What is -2 + -8 - -9 - 0?
-1
(-4 - -9) + -4 + -5
-4
What is (-41 - -34) + -1 + (-3 - -2)?
-9
What is the value of -2 - (3 + (-4 - -2) - 5)?
2
Evaluate -2 - 0 - -4 - (6 - 3).
-1
Evaluate 6 + (-19 - -8) + -2 + 0.
-7
Calculate -1 + 1 + (-12 - -7).
-5
-3 + (-8 - -12) - 0
1
What is -6 + (-17 - -24 - (0 - -1))?
0
What is (-8 - -1) + (-15 - -31)?
9
Evaluate -3 + 2 + -1 + (-1 - -10).
7
Calculate -6 + 1 + 5 - 2.
-2
What is the value of -13 - -2 - (4 - 14)?
-1
0 - ((-8 - -8) + 11)
-11
What is (-3 - -1) + (6 - (6 + 2))?
-4
What is the value of -2 - -1 - 0 - 3?
-4
Evaluate (0 - -2) + -1 + 2 + 2.
5
Evaluate 3 - (2 + (6 - 5)).
0
0 + 1 - (55 - 48)
-6
Calculate -3 + (-2 - (3 - 4)).
-4
Evaluate 9 + (-4 - (2 - -1)).
2
Evaluate (33 - 41) + 5 + 2.
-1
Evaluate -4 + (-6 - -5 - (-7 + 10)).
-8
Evaluate 3 - (9 - 8) - -2.
4
-7 - (-7 + 5) - -9
4
What is the value of 3 - (2 + 4) - -1?
-2
Evaluate (0 - (-1 - -3)) + 1 + -4.
-5
What is the value of (15 - (-1 + 8)) + 0?
8
Calculate -10 + 6 + -5 + -1 - -5.
-5
Calculate 0 + ((3 - 3) + 1 - 0).
1
-6 + (0 - (-1 + -2) - 2)
-5
What is the value of 5 + -6 + -2 - -6?
3
Evaluate -14 + (11 - -8) + -11.
-6
Evaluate -4 - (0 - (10 + -7)).
-1
Calculate 3 + -3 + 6 + -9.
-3
What is the value of -5 + -4 - -1 - -6?
-2
(11 - 12 - 11) + 13
1
2 - 1 - 1 - (0 + 1)
-1
What is the value of -5 + (12 + -12 - (0 - -1))?
-6
Calculate (-5 + -4 + 9 - 2) + -8.
-10
(-1 + -4 - (-7 - 4)) + -9
-3
Evaluate -2 + -5 + (9 - 6).
-4
-5 + -3 + -5 - -7
-6
What is (-1 + 0 - (-5 + 10)) + 3?
-3
Evaluate -3 + -5 + (-2 - -8) + 5.
3
-1 + 11 + 0 + 642 + -644
8
Evaluate 2 + (4 - (6 - -6)).
-6
What is -10 + -7 + 18 + -6?
-5
What is -11 + (42 - 37 - (0 + 0))?
-6
What is the value of (-8 - (-4 + 0) - -1) + 5?
2
What is 14 + (1 - 4) - 7?
4
Calculate -2 + (7 - -4) + -14.
-5
What is the value of (-2 - (-6 + 3)) + 2 - 4?
-1
What is 7 + (-5 - 0) + -2?
0
What is the value of -3 - (-3 + 0 + 3 + -2)?
-1
What is the value of -12 + (4 - (-9 + 9))?
-8
Evaluate (7 + -1 - (36 - 27)) + 0.
-3
What is the value of 23 + -23 - (1 - 1)?
0
Calculate -4 - (-4 + -1) - -2.
3
Evaluate 0 + (-4 - (4 + -8)).
0
What is -7 + -4 + (5 - -10 - 6)?
-2
What is the value of -9 + (10 - 6) - (-9 + -1)?
5
Evaluate 10 + -3 - 8 - (0 - 4).
3
Evaluate -3 + -11 + 3 - -9.
-2
What is 0 - 4 - (-1 + 0)?
-3
What is 0 + 6 + -4 + -2 + 3?
3
Calculate 6 - (16 - 5 - -1).
-6
Evaluate -4 + 4 + -4 - -1.
-3
What is 65 - 65 - (-9 - 1)?
10
What is the value of (1 - 0) + -12 + (2 - -5)?
-4
Evaluate 3 + -3 - (1 - (-2 + -2)).
-5
Evaluate (-1 - -6) + -12 + 4 + 8.
5
Calculate 7 - (-2 + 6 + -11 + 6).
8
What is the value of 3 + (4 - (-5 + 7))?
5
0 + 1 - (27 + -26)
0
Calculate -7 + 1 + -2 + 5.
-3
(-1 - -3) + 1 + (6 - 10)
-1
What is -1 + -3 + 3 + -4?
-5
0 + 3 + -9 + 12 + -13
-7
What is the value of -20 + 20 + -1 + 0 - -6?
5
Evaluate -9 - -3 - 0 - 2 - -3.
-5
-11 - (2 - (15 + 7))
9
What is 4 - ((-4 - -10) + 1)?
-3
20 + 1 - (-66 + 72) - 6
9
What is 1 + (1 - (0 + -3 + 2))?
3
What is 1 + 6 + -2 + -1 + -3?
1
What is the value of -3 + -2 - (-8 + 5)?
-2
2 + 2 - (-1 + 10)
-5
Evaluate -8 + (-3 - -2) + (9 - 7).
-7
What is the value of (-7 - (-1 + 1)) + 2 + 0?
-5
What is -10 - (-17 + (12 - 10))?
5
What is (-3 - -4) + -6 + -5 + 5?
-5
What is the value of 3 - (-9 - (-4 - (4 + 11)))?
-7
Evaluate (5 - 1 - (-3 + 12)) + 2.
-3
Calculate 12 + (-4 - -14) + -22.
0
Calculate -1 - (8 - (-4 - -6)).
-7
What is 2 + -5 + 4 + 2 - 5?
-2
Calculate (-5 + -1 - -6 - -5) + -4.
1
Calculate (6 + -7 - 9) + 10.
0
3 - -1 - (-9 + 9)
4
What is the value of -5 - (5 + -4) - (-4 + 2)?
-4
Calculate (7 - 0 - 12) + 2.
-3
What is the value of 2 - (0 + 5 - 3)?
0
What is 0 + 0 + 0 + 1 + -1?
0
Evaluate -1 - (3 - -2) - -2.
-4
Evaluate 1 + (2 - (1 - (2 + 1))).
5
What is the value of 0 + -2 + 6 + 22 + -22?
4
What is -2 - (-2 + (-3 - -5) + -3)?
1
Calculate -2 + -2 + -5 + 8.
-1
What is the value of 5 + -1 + (-1 + -11 - -5)?
-3
What is 3 - 13 - (-15 + 0)?
5
1 + 5 + (-5 - (14 - 13))
0
Calculate (-280 - -259) + 16 + -1.
-6
What is the value of -2 + 1 + (-4 - -5)?
0
Evaluate -4 + -1 + -1 + 1.
-5
Evaluate 10 + -3 - (2 - -5).
0
Evaluate 2 + -2 - (12 - (11 + 6)).
5
What is the value of -2 - (3 + -6) - (5 + 0)?
-4
Calculate ((2 - 2) + 3 - 0) + -2.
1
Evaluate -2 - 2 - (-9 - 0 - -3).
2
What is the value of (1 - -8) + 2 - 7?
4
What is 0 + 10 - (14 + -12)?
8
What is 8 + (-3 - 3) - (0 + 10)?
-8
What is -15 + 17 - (3 + 0)?
-1
What is -6 - (1 + -15 + 5 + 4)?
-1
4 - (-4 - (-1 + -4))
3
Evaluate (2 - -1 - 0) + (-30 - -21).
-6
Calculate (3 - 0) + (10 - 10).
3
Evaluate 2 - -13 - 12 - 12.
-9
What is the value of (2 - (4 - 2 - 4)) + -3?
1
What is 6 + -5 + 5 - 4?
2
33 + -36 - (-10 + -1 - -2)
6
Evaluate (1 - (4 - 4)) + -1 + 1.
1
What is the value of -10 + 15 - (8 - -6)?
-9
What is the value of -2 - -1 - (-5 + 9)?
-5
What is 6 - (-3 + -2 - (-9 - 2))?
0
What is -11 - -6 - (-1 - 3)?
-1
5 + 2 + -4 + -11 + 9
1
What is -1 - -1 - (-1 - 4 - -8)?
-3
Calculate 0 - (12 - 20 - (0 - 1)).
7
Evaluate 8 + (0 - 2) + -1.
5
What is 0 - (9 + -9 - (0 - 3))?
-3
What is 3 + (-3 - -3 - 2) + -1?
0
Evaluate 4 - (2 + 2) - 4.
-4
(10 - 6 - 8) + (0 - 2)
-6
6 + -3 + 2 + (24 - 22)
7
Calculate -1 - (5 + -3) - -4.
1
Calculate -26 + 2 + 11 - -7.
-6
What is -25 - -25 - (1 - -1)?
-2
What is 0 + 4 + 0 - (8 + -11)?
7
-5 + 3 - (0 + -8)
6
Calculate 7 + -4 + 2 + -2.
3
What is -2 - (1 - (-4 - -3))?
-4
Evaluate (-2 - (-3 - 0)) + -6.
-5
-9 - (-9 + -1 + 15 + -11)
-3
What is 5 + (-2 - 1) + -5?
-3
Evaluate 2 + 5 + -2 + -10.
-5
1 + (-9 - -1) - (-5 - -2)
-4
(5 - 2) + -5 + -1 + -1
-4
Evaluate 2 + -3 + -2 + 2 + 1.
0
What is the value of -6 - (-5 + (-1 - 1)) - 4?
-3
Evaluate (2 - -2) + 44 + -50.
-2
(3 - (-4 + 7)) + (12 - 20)
-8
Calculate 6 + 1 + (-7 - (-2 + 1)).
1
What is 0 - (-7 + 0 + (3 - 5))?
9
Calculate (5 + -14 - -4) + 6.
1
What is -5 - (5 + -8 - 3) - -3?
4
Evaluate 1 + (-3 - -3) + -2.
-1
What is -4 + -2 + -2 + (4 - 0)?
-4
Calculate -1 - (2 + (-2 - 4)).
3
Evaluate -7 - (0 + (-2 - 0)).
-5
What is the value of (2 - 3) + (-11 - (-2 - 5))?
-5
What is -5 + 17 - (7 - 1)?
6
What is the value of -2 + 2 + 0 + 3?
3
Calculate 2 + 1 + 0 + -1.
2
What is the value of (1 - 2) + (-1 - 0) + -3?
-5
Evaluate 0 + 5 + 1 + -18 + 19.
7
Calculate -4 - 17 - -24 - (1 - 0).
2
What is the value of -9 - -13 - (2 - (4 + -2))?
4
Calculate (6 - 2) + -9 - (2 + -15).
8
What is the value of -4 + (1 - (-2 + 2 + -1))?
-2
Calculate 1 - (-5 + 4 + -4 + 7).
-1
What is 7 + (-8 - -3 - -3)?
5
0 + (-2 - 1) + 0
-3
What is the value of (14 - (-9 - -17)) + -12?
-6
-3 - (4 + (-5 - (3 + -6)))
-5
What is -6 - -1 - (18 + -25)?
2
-7 + 3 + 3 + -5 - 0
-6
-1 + 2 + 0 - -1
2
What is -7 + 7 + 6 + -6 - 0?
0
Evaluate (-2 - 9) + 4 + 8.
1
Evaluate (-1 - -1 - (2 -